{"id":3921,"date":"2023-04-26T16:54:49","date_gmt":"2023-04-26T16:54:49","guid":{"rendered":"https:\/\/bolosregionais.pt\/?post_type=product&#038;p=3921"},"modified":"2023-05-08T09:27:20","modified_gmt":"2023-05-08T09:27:20","slug":"bolinhos-de-amendoa","status":"publish","type":"product","link":"https:\/\/bolosregionais.pt\/?product=bolinhos-de-amendoa","title":{"rendered":"Bolinhos de Am\u00eandoa"},"content":{"rendered":"<p><img fetchpriority=\"high\" decoding=\"async\" class=\"alignnone wp-image-3925 size-medium\" src=\"https:\/\/bolosregionais.pt\/wp-content\/uploads\/2023\/04\/Susana-Vieira-Bolinhos-Amendoa-538x380.jpg\" alt=\"Susana Vieira - Bolinhos Am\u00eandoa\" width=\"538\" height=\"380\" srcset=\"https:\/\/bolosregionais.pt\/wp-content\/uploads\/2023\/04\/Susana-Vieira-Bolinhos-Amendoa-538x380.jpg 538w, https:\/\/bolosregionais.pt\/wp-content\/uploads\/2023\/04\/Susana-Vieira-Bolinhos-Amendoa-552x390.jpg 552w, https:\/\/bolosregionais.pt\/wp-content\/uploads\/2023\/04\/Susana-Vieira-Bolinhos-Amendoa.jpg 1000w\" sizes=\"(max-width: 538px) 100vw, 538px\" \/><\/p>\n<table style=\"width: 500px;\" border=\"1\" cellspacing=\"1\" cellpadding=\"1\">\n<tbody>\n<tr>\n<td style=\"text-align: center;\"><span style=\"font-size: 16px;\"><strong>Declara\u00e7\u00e3o Nutricional por 100G do produto<\/strong><\/span><\/td>\n<\/tr>\n<\/tbody>\n<\/table>\n<table style=\"width: 500px;\" border=\"1\" cellspacing=\"1\" cellpadding=\"1\">\n<tbody>\n<tr>\n<td style=\"text-align: left;\">Energia<\/td>\n<td style=\"text-align: center;\">1976 Kj \/ 396 KCAL<\/td>\n<\/tr>\n<tr>\n<td style=\"text-align: left;\">L\u00edpidos<\/td>\n<td style=\"text-align: center;\">5,0 g<\/td>\n<\/tr>\n<tr>\n<td style=\"text-align: left;\">L\u00edpidos Saturados<\/td>\n<td style=\"text-align: center;\">0,9 g<\/td>\n<\/tr>\n<tr>\n<td style=\"text-align: left;\">Hidratos de Carbono<\/td>\n<td style=\"text-align: center;\">77,3 g<\/td>\n<\/tr>\n<tr>\n<td style=\"text-align: left;\">A\u00e7ucares<\/td>\n<td style=\"text-align: center;\">45,1 g<\/td>\n<\/tr>\n<tr>\n<td style=\"text-align: left;\">Fibras<\/td>\n<td style=\"text-align: center;\">2,8 g<\/td>\n<\/tr>\n<tr>\n<td style=\"text-align: left;\">Prote\u00ednas<\/td>\n<td style=\"text-align: center;\">9,1 g<\/td>\n<\/tr>\n<tr>\n<td style=\"text-align: left;\">Sal<\/td>\n<td style=\"text-align: center;\">0,5 g<\/td>\n<\/tr>\n<\/tbody>\n<\/table>\n<p><strong>Peso L\u00edquido: 160g<\/strong><\/p>\n","protected":false},"excerpt":{"rendered":"<p>Ingredientes:<br \/>\n<strong>Farinha de trigo<\/strong>, a\u00e7\u00facar, am\u00eandoa (8%),\u00a0l<strong>eite<\/strong>, <strong>ovos<\/strong>, fermento (difosfatos (E450), carbonato de s\u00f3dio (E500), amido de milho), bicarbonato de s\u00f3dio, aroma de lim\u00e3o.<br \/>\n<strong>Pode conter vest\u00edgios de Noz e Soja<\/strong><\/p>\n","protected":false},"featured_media":3927,"comment_status":"open","ping_status":"closed","template":"","meta":{"_themeisle_gutenberg_block_has_review":false,"jetpack_post_was_ever_published":false},"product_brand":[],"product_cat":[36],"product_tag":[72],"class_list":{"0":"post-3921","1":"product","2":"type-product","3":"status-publish","4":"has-post-thumbnail","6":"product_cat-bolos","7":"product_tag-mais-vendidos","9":"first","10":"outofstock","11":"taxable","12":"shipping-taxable","13":"purchasable","14":"product-type-variable"},"yoast_head":"<!-- This site is optimized with the Yoast SEO plugin v27.5 - https:\/\/yoast.com\/product\/yoast-seo-wordpress\/ -->\n<title>Bolinhos de Am\u00eandoa - Susana Vieira - Bolos Regionais<\/title>\n<meta name=\"description\" content=\"Susana Vieira, Bolinhos de Am\u00eandoa. Broas D`ouro. Saco 160g\" \/>\n<meta name=\"robots\" content=\"index, follow, max-snippet:-1, max-image-preview:large, max-video-preview:-1\" \/>\n<link rel=\"canonical\" href=\"https:\/\/bolosregionais.pt\/produto\/bolinhos-de-amendoa\/\" \/>\n<meta property=\"og:locale\" content=\"pt_PT\" \/>\n<meta property=\"og:type\" content=\"article\" \/>\n<meta property=\"og:title\" content=\"Bolinhos de Am\u00eandoa - Susana Vieira - Bolos Regionais\" \/>\n<meta property=\"og:description\" content=\"Susana Vieira, Bolinhos de Am\u00eandoa. Broas D`ouro. Saco 160g\" \/>\n<meta property=\"og:url\" content=\"https:\/\/bolosregionais.pt\/produto\/bolinhos-de-amendoa\/\" \/>\n<meta property=\"og:site_name\" content=\"Susana Vieira - Bolos Regionais\" \/>\n<meta property=\"article:publisher\" content=\"https:\/\/www.facebook.com\/people\/Broas-DOuro\/100079961858398\/?paipv=0&amp;eav=AfbeI56GFSDGQYxo5oKo_x5p5k3RbvMdspvczmr4zl4kNADTCi7uwtDQc_z4u_qSfP4\" \/>\n<meta property=\"article:modified_time\" content=\"2023-05-08T09:27:20+00:00\" \/>\n<meta property=\"og:image\" content=\"https:\/\/bolosregionais.pt\/wp-content\/uploads\/2023\/04\/Susana-Vieira-BOLINHOS-DE-AMENDOA-frt.jpg\" \/>\n\t<meta property=\"og:image:width\" content=\"500\" \/>\n\t<meta property=\"og:image:height\" content=\"378\" \/>\n\t<meta property=\"og:image:type\" content=\"image\/jpeg\" \/>\n<meta name=\"twitter:card\" content=\"summary_large_image\" \/>\n<meta name=\"twitter:label1\" content=\"Tempo estimado de leitura\" \/>\n\t<meta name=\"twitter:data1\" content=\"1 minuto\" \/>\n<script type=\"application\/ld+json\" class=\"yoast-schema-graph\">{\"@context\":\"https:\\\/\\\/schema.org\",\"@graph\":[{\"@type\":\"WebPage\",\"@id\":\"https:\\\/\\\/bolosregionais.pt\\\/produto\\\/bolinhos-de-amendoa\\\/\",\"url\":\"https:\\\/\\\/bolosregionais.pt\\\/produto\\\/bolinhos-de-amendoa\\\/\",\"name\":\"Bolinhos de Am\u00eandoa - Susana Vieira - Bolos Regionais\",\"isPartOf\":{\"@id\":\"https:\\\/\\\/bolosregionais.pt\\\/#website\"},\"primaryImageOfPage\":{\"@id\":\"https:\\\/\\\/bolosregionais.pt\\\/produto\\\/bolinhos-de-amendoa\\\/#primaryimage\"},\"image\":{\"@id\":\"https:\\\/\\\/bolosregionais.pt\\\/produto\\\/bolinhos-de-amendoa\\\/#primaryimage\"},\"thumbnailUrl\":\"https:\\\/\\\/bolosregionais.pt\\\/wp-content\\\/uploads\\\/2023\\\/04\\\/Susana-Vieira-BOLINHOS-DE-AMENDOA-frt.jpg\",\"datePublished\":\"2023-04-26T16:54:49+00:00\",\"dateModified\":\"2023-05-08T09:27:20+00:00\",\"description\":\"Susana Vieira, Bolinhos de Am\u00eandoa. Broas D`ouro. Saco 160g\",\"breadcrumb\":{\"@id\":\"https:\\\/\\\/bolosregionais.pt\\\/produto\\\/bolinhos-de-amendoa\\\/#breadcrumb\"},\"inLanguage\":\"pt-PT\",\"potentialAction\":[{\"@type\":\"ReadAction\",\"target\":[\"https:\\\/\\\/bolosregionais.pt\\\/produto\\\/bolinhos-de-amendoa\\\/\"]}]},{\"@type\":\"ImageObject\",\"inLanguage\":\"pt-PT\",\"@id\":\"https:\\\/\\\/bolosregionais.pt\\\/produto\\\/bolinhos-de-amendoa\\\/#primaryimage\",\"url\":\"https:\\\/\\\/bolosregionais.pt\\\/wp-content\\\/uploads\\\/2023\\\/04\\\/Susana-Vieira-BOLINHOS-DE-AMENDOA-frt.jpg\",\"contentUrl\":\"https:\\\/\\\/bolosregionais.pt\\\/wp-content\\\/uploads\\\/2023\\\/04\\\/Susana-Vieira-BOLINHOS-DE-AMENDOA-frt.jpg\",\"width\":500,\"height\":378,\"caption\":\"Susana Vieira - BOLINHOS DE AM\u00caNDOA (frt)\"},{\"@type\":\"BreadcrumbList\",\"@id\":\"https:\\\/\\\/bolosregionais.pt\\\/produto\\\/bolinhos-de-amendoa\\\/#breadcrumb\",\"itemListElement\":[{\"@type\":\"ListItem\",\"position\":1,\"name\":\"In\u00edcio\",\"item\":\"https:\\\/\\\/bolosregionais.pt\\\/\"},{\"@type\":\"ListItem\",\"position\":2,\"name\":\"Loja\",\"item\":\"https:\\\/\\\/bolosregionais.pt\\\/?page_id=2877\"},{\"@type\":\"ListItem\",\"position\":3,\"name\":\"Bolinhos de Am\u00eandoa\"}]},{\"@type\":\"WebSite\",\"@id\":\"https:\\\/\\\/bolosregionais.pt\\\/#website\",\"url\":\"https:\\\/\\\/bolosregionais.pt\\\/\",\"name\":\"Susana Vieira - Bolos Regionais\",\"description\":\"A apurar a tradi\u00e7\u00e3o desde 1995\",\"publisher\":{\"@id\":\"https:\\\/\\\/bolosregionais.pt\\\/#organization\"},\"potentialAction\":[{\"@type\":\"SearchAction\",\"target\":{\"@type\":\"EntryPoint\",\"urlTemplate\":\"https:\\\/\\\/bolosregionais.pt\\\/?s={search_term_string}\"},\"query-input\":{\"@type\":\"PropertyValueSpecification\",\"valueRequired\":true,\"valueName\":\"search_term_string\"}}],\"inLanguage\":\"pt-PT\"},{\"@type\":\"Organization\",\"@id\":\"https:\\\/\\\/bolosregionais.pt\\\/#organization\",\"name\":\"Susana Vieira - Bolos Regionais\",\"url\":\"https:\\\/\\\/bolosregionais.pt\\\/\",\"logo\":{\"@type\":\"ImageObject\",\"inLanguage\":\"pt-PT\",\"@id\":\"https:\\\/\\\/bolosregionais.pt\\\/#\\\/schema\\\/logo\\\/image\\\/\",\"url\":\"https:\\\/\\\/bolosregionais.pt\\\/wp-content\\\/uploads\\\/2021\\\/08\\\/Logo-SV-Header.png\",\"contentUrl\":\"https:\\\/\\\/bolosregionais.pt\\\/wp-content\\\/uploads\\\/2021\\\/08\\\/Logo-SV-Header.png\",\"width\":159,\"height\":120,\"caption\":\"Susana Vieira - Bolos Regionais\"},\"image\":{\"@id\":\"https:\\\/\\\/bolosregionais.pt\\\/#\\\/schema\\\/logo\\\/image\\\/\"},\"sameAs\":[\"https:\\\/\\\/www.facebook.com\\\/people\\\/Broas-DOuro\\\/100079961858398\\\/?paipv=0&eav=AfbeI56GFSDGQYxo5oKo_x5p5k3RbvMdspvczmr4zl4kNADTCi7uwtDQc_z4u_qSfP4\",\"https:\\\/\\\/www.instagram.com\\\/broasdouro\\\/\"]}]}<\/script>\n<!-- \/ Yoast SEO plugin. -->","yoast_head_json":{"title":"Bolinhos de Am\u00eandoa - Susana Vieira - Bolos Regionais","description":"Susana Vieira, Bolinhos de Am\u00eandoa. Broas D`ouro. Saco 160g","robots":{"index":"index","follow":"follow","max-snippet":"max-snippet:-1","max-image-preview":"max-image-preview:large","max-video-preview":"max-video-preview:-1"},"canonical":"https:\/\/bolosregionais.pt\/produto\/bolinhos-de-amendoa\/","og_locale":"pt_PT","og_type":"article","og_title":"Bolinhos de Am\u00eandoa - Susana Vieira - Bolos Regionais","og_description":"Susana Vieira, Bolinhos de Am\u00eandoa. Broas D`ouro. Saco 160g","og_url":"https:\/\/bolosregionais.pt\/produto\/bolinhos-de-amendoa\/","og_site_name":"Susana Vieira - Bolos Regionais","article_publisher":"https:\/\/www.facebook.com\/people\/Broas-DOuro\/100079961858398\/?paipv=0&eav=AfbeI56GFSDGQYxo5oKo_x5p5k3RbvMdspvczmr4zl4kNADTCi7uwtDQc_z4u_qSfP4","article_modified_time":"2023-05-08T09:27:20+00:00","og_image":[{"width":500,"height":378,"url":"https:\/\/bolosregionais.pt\/wp-content\/uploads\/2023\/04\/Susana-Vieira-BOLINHOS-DE-AMENDOA-frt.jpg","type":"image\/jpeg"}],"twitter_card":"summary_large_image","twitter_misc":{"Tempo estimado de leitura":"1 minuto"},"schema":{"@context":"https:\/\/schema.org","@graph":[{"@type":"WebPage","@id":"https:\/\/bolosregionais.pt\/produto\/bolinhos-de-amendoa\/","url":"https:\/\/bolosregionais.pt\/produto\/bolinhos-de-amendoa\/","name":"Bolinhos de Am\u00eandoa - Susana Vieira - Bolos Regionais","isPartOf":{"@id":"https:\/\/bolosregionais.pt\/#website"},"primaryImageOfPage":{"@id":"https:\/\/bolosregionais.pt\/produto\/bolinhos-de-amendoa\/#primaryimage"},"image":{"@id":"https:\/\/bolosregionais.pt\/produto\/bolinhos-de-amendoa\/#primaryimage"},"thumbnailUrl":"https:\/\/bolosregionais.pt\/wp-content\/uploads\/2023\/04\/Susana-Vieira-BOLINHOS-DE-AMENDOA-frt.jpg","datePublished":"2023-04-26T16:54:49+00:00","dateModified":"2023-05-08T09:27:20+00:00","description":"Susana Vieira, Bolinhos de Am\u00eandoa. Broas D`ouro. Saco 160g","breadcrumb":{"@id":"https:\/\/bolosregionais.pt\/produto\/bolinhos-de-amendoa\/#breadcrumb"},"inLanguage":"pt-PT","potentialAction":[{"@type":"ReadAction","target":["https:\/\/bolosregionais.pt\/produto\/bolinhos-de-amendoa\/"]}]},{"@type":"ImageObject","inLanguage":"pt-PT","@id":"https:\/\/bolosregionais.pt\/produto\/bolinhos-de-amendoa\/#primaryimage","url":"https:\/\/bolosregionais.pt\/wp-content\/uploads\/2023\/04\/Susana-Vieira-BOLINHOS-DE-AMENDOA-frt.jpg","contentUrl":"https:\/\/bolosregionais.pt\/wp-content\/uploads\/2023\/04\/Susana-Vieira-BOLINHOS-DE-AMENDOA-frt.jpg","width":500,"height":378,"caption":"Susana Vieira - BOLINHOS DE AM\u00caNDOA (frt)"},{"@type":"BreadcrumbList","@id":"https:\/\/bolosregionais.pt\/produto\/bolinhos-de-amendoa\/#breadcrumb","itemListElement":[{"@type":"ListItem","position":1,"name":"In\u00edcio","item":"https:\/\/bolosregionais.pt\/"},{"@type":"ListItem","position":2,"name":"Loja","item":"https:\/\/bolosregionais.pt\/?page_id=2877"},{"@type":"ListItem","position":3,"name":"Bolinhos de Am\u00eandoa"}]},{"@type":"WebSite","@id":"https:\/\/bolosregionais.pt\/#website","url":"https:\/\/bolosregionais.pt\/","name":"Susana Vieira - Bolos Regionais","description":"A apurar a tradi\u00e7\u00e3o desde 1995","publisher":{"@id":"https:\/\/bolosregionais.pt\/#organization"},"potentialAction":[{"@type":"SearchAction","target":{"@type":"EntryPoint","urlTemplate":"https:\/\/bolosregionais.pt\/?s={search_term_string}"},"query-input":{"@type":"PropertyValueSpecification","valueRequired":true,"valueName":"search_term_string"}}],"inLanguage":"pt-PT"},{"@type":"Organization","@id":"https:\/\/bolosregionais.pt\/#organization","name":"Susana Vieira - Bolos Regionais","url":"https:\/\/bolosregionais.pt\/","logo":{"@type":"ImageObject","inLanguage":"pt-PT","@id":"https:\/\/bolosregionais.pt\/#\/schema\/logo\/image\/","url":"https:\/\/bolosregionais.pt\/wp-content\/uploads\/2021\/08\/Logo-SV-Header.png","contentUrl":"https:\/\/bolosregionais.pt\/wp-content\/uploads\/2021\/08\/Logo-SV-Header.png","width":159,"height":120,"caption":"Susana Vieira - Bolos Regionais"},"image":{"@id":"https:\/\/bolosregionais.pt\/#\/schema\/logo\/image\/"},"sameAs":["https:\/\/www.facebook.com\/people\/Broas-DOuro\/100079961858398\/?paipv=0&eav=AfbeI56GFSDGQYxo5oKo_x5p5k3RbvMdspvczmr4zl4kNADTCi7uwtDQc_z4u_qSfP4","https:\/\/www.instagram.com\/broasdouro\/"]}]}},"jetpack_likes_enabled":true,"jetpack_sharing_enabled":true,"_links":{"self":[{"href":"https:\/\/bolosregionais.pt\/index.php?rest_route=\/wp\/v2\/product\/3921","targetHints":{"allow":["GET"]}}],"collection":[{"href":"https:\/\/bolosregionais.pt\/index.php?rest_route=\/wp\/v2\/product"}],"about":[{"href":"https:\/\/bolosregionais.pt\/index.php?rest_route=\/wp\/v2\/types\/product"}],"replies":[{"embeddable":true,"href":"https:\/\/bolosregionais.pt\/index.php?rest_route=%2Fwp%2Fv2%2Fcomments&post=3921"}],"version-history":[{"count":1,"href":"https:\/\/bolosregionais.pt\/index.php?rest_route=\/wp\/v2\/product\/3921\/revisions"}],"predecessor-version":[{"id":3926,"href":"https:\/\/bolosregionais.pt\/index.php?rest_route=\/wp\/v2\/product\/3921\/revisions\/3926"}],"wp:featuredmedia":[{"embeddable":true,"href":"https:\/\/bolosregionais.pt\/index.php?rest_route=\/wp\/v2\/media\/3927"}],"wp:attachment":[{"href":"https:\/\/bolosregionais.pt\/index.php?rest_route=%2Fwp%2Fv2%2Fmedia&parent=3921"}],"wp:term":[{"taxonomy":"product_brand","embeddable":true,"href":"https:\/\/bolosregionais.pt\/index.php?rest_route=%2Fwp%2Fv2%2Fproduct_brand&post=3921"},{"taxonomy":"product_cat","embeddable":true,"href":"https:\/\/bolosregionais.pt\/index.php?rest_route=%2Fwp%2Fv2%2Fproduct_cat&post=3921"},{"taxonomy":"product_tag","embeddable":true,"href":"https:\/\/bolosregionais.pt\/index.php?rest_route=%2Fwp%2Fv2%2Fproduct_tag&post=3921"}],"curies":[{"name":"wp","href":"https:\/\/api.w.org\/{rel}","templated":true}]}}